201122210
Convert 151433 (base 6) to base 4.
3210231
What is -7bc4 (base 13) in base 7?
-101503
What is -20030320 (base 4) in base 6?
-415304
Convert 64a9 (base 11) to base 3.
102210010
-202111 (base 3) to base 4
-20221
2002210 (base 3) to base 6
11033
100011011 (base 2) to base 13
18a
Convert -1d1 (base 15) to base 12.
-2b1
What is -11000 (base 4) in base 14?
-18c
Convert -14040 (base 6) to base 12.
-1320
What is 6142 (base 8) in base 13?
159b
Convert -2330 (base 6) to base 2.
-1000101110
868 (base 12) to base 8
2320
10 (base 13) to base 5
23
Convert -11110 (base 5) to base 3.
-1001220
What is 56 (base 8) in base 10?
46
What is -14340 (base 7) in base 8?
-7554
What is -220022 (base 3) in base 12?
-468
What is 321 (base 15) in base 5?
10311
What is -1501 (base 6) in base 4?
-12031
What is 4b7 (base 12) in base 7?
2041
Convert 16123 (base 7) to base 14.
1913
-13896 (base 10) to base 11
-a493
1000000110 (base 2) to base 8
1006
Convert 132023 (base 4) to base 11.
14a6
-11110 (base 5) to base 4
-30030
Convert 3000 (base 4) to base 12.
140
Convert 1206 (base 10) to base 8.
2266
What is -6514 (base 9) in base 14?
-1a64
Convert -1240 (base 8) to base 10.
-672
What is -a788 (base 16) in base 15?
-ca93
Convert -26123 (base 7) to base 9.
-10445
Convert -31848 (base 12) to base 11.
-44a42
412 (base 7) to base 16
cd
Convert -346 (base 7) to base 13.
-10c
Convert -17383 (base 9) to base 5.
-340412
What is -3916 (base 10) in base 11?
-2a40
Convert 1230a (base 13) to base 11.
2316a
Convert 121030 (base 5) to base 7.
16110
Convert -4212 (base 5) to base 13.
-33b
103341 (base 5) to base 14
144c
What is -110110001111 (base 2) in base 9?
-4676
-10010111110001 (base 2) to base 10
-9713
What is 3123 (base 4) in base 12?
163
Convert -16220 (base 8) to base 5.
-213222
501 (base 9) to base 11
33a
-320244 (base 7) to base 9
-83833
What is -3809 (base 10) in base 15?
-11de
326 (base 14) to base 15
2b7
-1264 (base 7) to base 4
-13213
What is 4222 (base 5) in base 14?
2c2
What is -7eb5 (base 16) in base 4?
-13322311
What is 10020002 (base 3) in base 15?
a6b
What is 131233 (base 5) in base 14?
1c6d
What is 3634 (base 7) in base 9?
1757
-428 (base 10) to base 3
-120212
Convert 1164 (base 7) to base 12.
306
Convert 1467 (base 14) to base 8.
7043
Convert 20201 (base 5) to base 7.
3536
-1625 (base 10) to base 5
-23000
Convert 41425 (base 7) to base 2.
10011110110010
22323 (base 5) to base 2
11000110100
What is -1200020 (base 3) in base 8?
-2305
-7683 (base 9) to base 7
-22341
Convert -23 (base 13) to base 8.
-35
-1554 (base 16) to base 6
-41140
What is 273 (base 10) in base 9?
333
Convert -2152 (base 10) to base 5.
-32102
60 (base 7) to base 12
36
What is 1365 (base 10) in base 14?
6d7
12d72 (base 14) to base 6
555304
What is -5113 (base 8) in base 2?
-101001001011
Convert -34173 (base 9) to base 12.
-111b6
Convert -bb3 (base 12) to base 14.
-8ab
What is -3d1e (base 16) in base 9?
-23414
What is -531 (base 11) in base 13?
-3a2
-110102 (base 3) to base 10
-335
Convert -3695 (base 10) to base 4.
-321233
13021 (base 5) to base 2
1111110011
What is -130333 (base 5) in base 14?
-1bdb
Convert -2000 (base 6) to base 7.
-1155
What is 1322 (base 4) in base 2?
1111010
Convert -45201 (base 6) to base 3.
-22200201
-6a1 (base 12) to base 4
-33121
443 (base 11) to base 4
20103
-117 (base 16) to base 3
-101100
-30734 (base 8) to base 2
-11000111011100
Convert 331113 (base 4) to base 10.
3927
Convert 46 (base 7) to base 5.
114
Convert 591 (base 16) to base 2.
10110010001
What is -106 (base 14) in base 2?
-11001010
Convert 189 (base 11) to base 16.
da
Convert -218 (base 10) to base 14.
-118
Convert 201110201 (base 3) to base 8.
33562
3231213 (base 4) to base 14
5783
-9349 (base 11) to base 2
-11000001101011
-43331 (base 5) to base 12
-1872
Convert 1864 (base 11) to base 13.
1103
What is -524 (base 10) in base 11?
-437
What is 2a1 (base 12) in base 9?
504
What is -3140 (base 8) in base 7?
-4521
What is ce9 (base 15) in base 8?
5547
What is 203200 (base 4) in base 8?
4340
What is 31230 (base 5) in base 3?
2211111
Convert -10122123 (base 4) to base 10.
-18075
Convert 23243 (base 5) to base 7.
4644
What is -14343 (base 6) in base 14?
-b9d
Convert 283b (base 13) to base 5.
141141
423 (base 9) to base 5
2340
Convert -15ca3 (base 13) to base 4.
-22023223
-11210001 (base 3) to base 9
-4701
-237 (base 13) to base 15
-1a9
What is -13113 (base 7) in base 3?
-11210020
533a (base 14) to base 5
424420
What is 71405 (base 8) in base 7?
151563
Convert e403 (base 15) to base 16.
bc19
17711 (base 11) to base 8
60361
Convert -a353 (base 12) to base 16.
-456f
40 (base 12) to base 16
30
What is 12131 (base 4) in base 15?
1c8
-1012224 (base 5) to base 6
-204404
Convert 1322004 (base 5) to base 15.
7cbe
Convert 850 (base 9) to base 14.
377
19c1 (base 14) to base 2
1001001000101
Convert -11110010010 (base 2) to base 9.
-2583
Convert 20201002 (base 3) to base 8.
11431
3540 (base 11) to base 3
20100221
-88 (base 14) to base 9
-143
What is -1c94b (base 13) in base 10?
-56509
Convert 2102210 (base 3) to base 9.
2383
What is 4251 (base 7) in base 13?
8bb
What is -1101100101 (base 2) in base 10?
-869
-4527 (base 10) to base 8
-10657
586 (base 12) to base 5
11242
Convert -1028 (base 9) to base 16.
-2f3
-32275 (base 10) to base 8
-77023
What is -54010 (base 6) in base 15?
-22a0
What is -2910 (base 11) in base 4?
-322302
Convert -112222220 (base 3) to base 7.
-43605
What is -20910 (base 13) in base 4?
-32110200
Convert 1529 (base 10) to base 14.
7b3
What is -2d4 (base 15) in base 12?
-461
-1630 (base 7) to base 3
-220101
-181 (base 10) to base 2
-10110101
-5830 (base 9) to base 6
-32000
Convert 18161 (base 9) to base 10.
12529
-1221200 (base 3) to base 16
-58e
Convert -330031 (base 4) to base 14.
-1593
Convert 232 (base 5) to base 10.
67
What is 122021 (base 3) in base 14?
254
What is -598 (base 16) in base 11?
-1092
Convert -2681 (base 14) to base 8.
-15171
Convert 10222012 (base 3) to base 13.
1418
What is -10110 (base 10) in base 15?
-2ee0
What is 153c (base 16) in base 3?
21110100
Convert 1011100100100 (base 2) to base 3.
22010102
-2223323 (base 5) to base 6
-501313
-203310 (base 6) to base 14
-5d34
-20433 (base 6) to base 12
-1719
Convert -6dd3 (base 15) to base 8.
-55515
What is -3012 (base 7) in base 10?
-1038
What is -44623 (base 7) in base 5?
-330122
2115 (base 8) to base 16
44d
Convert 25 (base 8) to base 5.
41
140201 (base 5) to base 7
22356
Convert 4a1 (base 11) to base 14.
307
Convert 31143 (base 5) to base 3.
2210212
1943 (base 11) to base 15
ae7
267 (base 13) to base 12
2b3
What is 12714 (base 8) in base 15?
19c0
Convert 22212 (base 5) to base 14.
7d3
What is -c93 (base 14) in base 15?
-b06
452 (base 14) to base 12
5b4
Convert -20b (base 12) to base 15.
-14e
What is 11054 (base 8) in base 13?
216b
Convert 29a1 (base 11) to base 14.
159c
Convert 109b (base 13) to base 7.
6531
What is -123350 (base 8) in base 12?
-20888
-2eb3 (base 15) to base 16
-2754
Convert -92d0 (base 14) to base 12.
-1275a
What is 33415 (base 7) in base 11?
6383
40401 (base 8) to base 10
16641
What is 607 (base 8) in base 3?
112111
Convert 27ce (base 15) to base 9.
12615
Convert 1b99 (base 12) to base 3.
11201000
What is -612 (base 10) in base 6?
-2500
3ac (base 16) to base 12
664
What is -10100011001 (base 2) in base 13?
-795
Convert -1051 (base 6) to base 15.
-117
What is 32 (base 11) in base 5?
120
What is -44565 (base 7) in base 6?
-124100
What is -331211 (base 4) in base 9?
-5358
Convert 2ea (base 16) to base 15.
34b
Convert -78014 (base 9) to base 10.
-51772
Convert -3413 (base 6) to base 10.
-801
Convert -50d (base 14) to base 11.
-823
What is 35ce (base 15) in base 8?
26264
What is -104204 (base 5) in base 10?
-3679
-22ca (base 13) to base 12
-2a02
-2202 (base 6) to base 14
-282
Convert -1000100010110 (base 2) to base 16.
-1116
Convert 9fd (base 16) to base 3.
10111201
Convert 260 (base 16) to base 12.
428
What is -2053 (base 7) in base 11?
-5a9
-1010110001111110 (base 2) to base 10
-44158
Convert -2488 (base 15) to base 9.
-11602
379a (base 11) to base 12
2a45
-11223 (base 4) to base 15
-193
Convert -a5 (base 11) to base 9.
-137
What is 303 (base 5) in base 8?
116
101636 (base 7) to base 10
17471
What is 12798 (base 11) in bas